+ 2*q. Let p be (-3)/6 - (-165)/10. Let m = 19 - p. Calculate h(m).
-3
Let k(r) = 3*r + 7. Suppose t = 4 - 12. Let s be 34/t + (-3)/4. Let j(g) = -4*g - 11. Let d(m) = s*j(m) - 8*k(m). Calculate d(2).
-9
Let z(g) = g**2 + 3*g - 62. Let r be z(-9). Let w(l) = 6*l - 3. Determine w(r).
-51
Suppose 11 - 2 = 3*i. Let o(g) = i*g + 5*g**2 - 31 - g**3 + 29 + g**2. Calculate o(6).
16
Let v be (-26)/(-6)*(-3 + 0). Let c be ((-4)/(-30)*27)/((-46)/115). Let q = v - c. Let x(m) = -3*m - 5. Calculate x(q).
7
Let s(w) = w**3 + 6*w**2 + w + 55. Let z be s(-7). Let m(p) = -9*p**2 - 2*p - 1. Determine m(z).
-8
Let l(z) = -z**3 - 7*z**2 + 6*z - 11. Let h = -27 - -39. Let t be (-4)/h + 92/(-12). Give l(t).
5
Suppose -10*f + 11*f = 30. Suppose 11*b - b = f. Let z(d) = 5*d + 3. Calculate z(b).
18
Let b(a) = a + 2. Let i(x) = 2*x**2 + 102*x - 94. Let c be i(-52). Give b(c).
12
Let j(a) = a**3 - a**2 - 8*a + 9. Let f(l) = -37*l - 367. Let m be f(-10). Give j(m).
3
Let a(m) = -109*m**2 + 58*m**2 + 57*m**2 - 2*m**3 + 3*m**3 + 1. Let z be (-10)/(-4) - 1/(-2). Suppose -z*c = 4*h - c + 28, -4*c = 8. Give a(h).
1
Let l be 12/(-78) - (-72)/(-39). Let j(p) be the third derivative of -p**6/120 + p**5/60 + p**4/8 + p**3/2 + 15*p**2. Calculate j(l).
9
Let y(v) = -v**3 + 5*v + 5. Let p be y(-2). Let a be (14 + -18)*-1*p/(-2). Let l(g) = -g**2 - 7*g - 8. Give l(a).
-2
Suppose -44 = -2*b - 3*b - 2*l, 20 = 3*b - 2*l. Let k(c) = -9 + 4 - b*c + 11. Let m(q) = 9*q - 6. Let d(f) = 4*k(f) + 3*m(f). Determine d(4).
-14
Let t = 364 - 362. Let c(j) = 5*j**3 - j**2 + 2*j + 1. Calculate c(t).
41
Let d(l) = -l - 6. Let f be (-85)/255*18/2. What is d(f)?
-3
Let j(w) be the second derivative of 0*w**2 - 7*w - 1/6*w**3 - 1/3*w**4 + 0. Give j(1).
-5
Let y(v) = -v**2 - 5*v + 16. Suppose -13*d + 97*d = -588. Give y(d).
2
Let o(d) = 4*d - 1. Let s(x) = -5*x**3 - x**2 - 2*x - 2. Let h be s(-1). Calculate o(h).
15
Let n(q) = 7*q + 20. Let j be n(5). Let m = j + -57. Let i(y) = -2*y - 1. Calculate i(m).
3
Let b(n) = 6*n. Let h be -1 + (-6 - -6)/(-2 + 1). Calculate b(h).
-6
Let z(w) be the second derivative of w**5/10 + w**4/12 - w**3/3 + w**2/2 + 4*w. Let i be z(1). Let t(j) = 2*j**2 - 5*j**i + 2*j**2 - 1 - j. Calculate t(-3).
-7
Let m(r) = -r**3 + 4*r**2 - 4*r + 6. Suppose -11 + 156 = -5*q. Let a be q/(-8) - (-12)/32. Calculate m(a).
-10
Let l(m) = 2*m + 10. Let h(g) = g**3 - 22*g**2 + g + 44. Let f be h(22). Let q = -73 + f. Give l(q).
-4
Let r be 4/(-18) + 203/63. Let c(p) = -p**3 - 4*p**r + 0*p**3. Give c(-1).
5
Let d(f) = f - 4. Suppose 5*q - 7*t + 3*t + 308 = 0, 4*t = -12. Let y = q + 70. Give d(y).
2
Let s(a) be the third derivative of -a**6/120 - a**5/10 + a**4/4 - 5*a**3/3 + 2*a**2. Let y be (-250)/(-12) + (-7)/(-42). Let f be (-1*3)/(9/y). Determine s(f).
-3
Let g(d) = d**3 - 4*d**2 + 4*d + 1. Let o(n) = -n**3 + 2*n**2 - n. Let x(w) = -g(w) - 2*o(w). Give x(-2).
-5
Let f be (-7)/(-3) + (8 + -6)/(-6). Let x(d) = 2*d**3 + 3*d**2 - d. Determine x(f).
26
Let q(b) be the first derivative of -b**3/3 - 13*b**2/2 + 33*b + 196. Calculate q(-15).
3
Let a(k) be the second derivative of 2*k**3/3 - 25*k**2/2 - 8*k. Let y be a(8). Let j(o) = o**2 - 5*o - 1. Give j(y).
13
Let y be (-80)/(-24) + (-2)/(-3). Let u(b) = -b**2 + 6 + 0 - y - b. Calculate u(2).
-4
Let a(n) be the second derivative of -n**5/60 + 5*n**4/24 - 13*n**3/3 + n. Let k(z) be the second derivative of a(z). Give k(7).
-9
Let m(n) be the second derivative of -n**5/20 - 5*n**4/12 - n**3/3 - 3*n**2/2 - n - 1. Give m(-5).
7
Let g(t) = 2*t**3 + 6*t**2 - 2*t - 4. Let k(j) = -j**3 - 6*j**2 + 3*j + 5. Let h(l) = 2*g(l) + 3*k(l). Determine h(5).
7
Suppose 7*d - 2*d = 140. Let b(s) = 11*s**2 - d*s**2 + s + 16*s**2 - 2. Calculate b(2).
-4
Let k(c) be the second derivative of c**3/6 - 2*c**2 + 2*c. Suppose 4*z = 12 + 52. Let u = 11 - z. Determine k(u).
-9
Let x(a) be the first derivative of -2*a**2 - 7*a + 25. Let n(h) = 5*h + 6. Let b(s) = 5*n(s) + 6*x(s). Determine b(7).
-5
Let m(k) = k**3 + 13*k**2 + 22*k - 5. Suppose 58*n + 1188 = -50*n. What is m(n)?
-5
Let m(k) = -39*k - 2*k**2 - 5 - 2*k**2 + 44*k + 2*k**2 - k**3. Calculate m(-5).
45
Let n(o) = 3 - 1 + 3*o + 1. Let f(i) = i**3 - 3*i**2 + i - 8. Let g be f(4). Suppose 18 = -g*a + 6*a. Determine n(a).
-6
Let x(v) be the second derivative of v**7/2520 - v**6/120 + v**5/40 - 4*v**4/3 - 7*v. Let h(o) be the third derivative of x(o). Calculate h(6).
3
Let d(r) = r**3 - 6*r**2 + 4*r + 7. Let i be d(5). Let p(n) = -4 + 4*n - i*n - n + 8. What is p(-6)?
-2
Let x(y) = -2*y**3 + 50*y**2 + 52*y - 8. Let z be x(26). Let m(k) = -k**2 - 7*k + 7. Determine m(z).
-1
Let b(a) be the third derivative of 0*a - 1/24*a**4 + 0 - 1/6*a**3 - 32*a**2. Determine b(0).
-1
Let p(y) = 2 - y**2 + 89*y + 94*y - 174*y. Calculate p(9).
2
Suppose x - i + 6*i - 7 = 0, 2*x = i + 3. Suppose -5*o + 5*m - 2*m + 70 = 0, -m - 60 = -5*o. Let r(q) = -o*q**x + 17*q**2 - 1 - 7*q**2. Give r(-4).
-17
Suppose -4 = -y, 25*y = v + 28*y - 15. Let l(q) be the first derivative of -4*q**2 - q - 3. Give l(v).
-25
Suppose -2*j + b + 12 = 0, -4*j + 36 = j - 4*b. Let p be 14/j*6/(-14)*2. Let n(a) = 4*a + 4. Calculate n(p).
-8
Let c(k) be the third derivative of k - 23*k**2 - 1/24*k**4 + 0*k**3 + 0. Let l be (2/4)/(1/16). Give c(l).
-8
Let w(n) = n**2 + 5*n - 6. Let s be (1 - -7)/(2*1/(-4)). Let d be -1 + s/3 + 136/102. Calculate w(d).
-6
Let f(y) = -y**3 + 4. Let u(p) = 2*p. Let t be u(-3). Suppose 0 = 33*a - 247 + 49. Let n = a + t. Calculate f(n).
4
Let k(p) = 2*p**2 + 2*p + 1. Suppose 16*j = 17*j - 8. Suppose 0 = -8*s + 4*s - j. What is k(s)?
5
Let l(t) be the third derivative of t**6/60 + t**5/60 - t**4/6 - t**3/2 - 8*t**2 - 12. Give l(-2).
-7
Let g(p) be the second derivative of -1/12*p**4 + 0 - 9*p - 1/20*p**5 + 2/3*p**3 + p**2. Give g(-3).
8
Suppose -12 = -2*v - 24. Let i(w) = -w**2 - 4*w - 3. Determine i(v).
-15
Suppose 5*v + 4*d - 450 + 438 = 0, 3*d = -5*v + 9. Let k(o) = o**2 + 5*o + 2. Let x be k(-5). Let j(g) = 3*g**2 - 3 - 2*g**x + 4 - g. Determine j(v).
1
Let i(f) = -5*f - 3. Let g(w) = -4*w - 3. Let r(a) = 2*a**2 - 2*a - 1. Let y be r(-1). Let q(n) = y*i(n) - 4*g(n). Give q(-8).
-5
Let v be (3 - 0)/(-3)*(0 + 1). Let o(y) = 0 - 8*y - 1 - 4*y. Determine o(v).
11
Let y(d) be the first derivative of d**4/2 - 3*d**3 - d**2 - 11*d - 438. Determine y(5).
4
Let p(q) = -q**2 + 8*q + 9. Let n be p(8). Let c = -2 + n. Let a(f) = 8 - 5*f - c*f**2 + f**3 - 6*f**2 + 18*f**2. Give a(-6).
2
Let q(d) = 6*d + 5. Let o(h) = -h + 1. Let a = 43 - 40. Let z(j) = a*o(j) + q(j). Determine z(-7).
-13
Let r(f) = 11 + 2*f - 3*f + 3*f**3 - 2*f**3. Let v = -79 - -79. Give r(v).
11
Let r be ((-16)/(-12))/((-6)/(-9)). Let f(p) = -p**3 - 2*p**3 - 1 - 4*p**3 + r*p**2 + 2*p**3. Let j be 2 - 3/3 - 0. What is f(j)?
-4
Suppose -3*m + m = 4*s - 8, -m + 8 = 4*s. Let n(c) = 4 + s - c**2 - 12 + 2 - 6*c. Give n(-6).
-4
Suppose -5*l - 2*n = 5 - 18, 0 = -5*l - 4*n + 11. Let o(s) = 4 - 3 - s - 3*s**l + 5*s**3 + 6*s**2 - 3*s**3. Calculate o(6).
-5
Let i(u) = -4*u. Let k be (24/18)/(4/(-6)). Let f be (k + 3)*1*1. Determine i(f).
-4
Let v(c) = 42 + 8*c + 38 + 38 - 94. Calculate v(-3).
0
Suppose 6 = 13*b - 14*b. Let m(p) be the second derivative of p**5/20 + 5*p**4/12 - 5*p**3/6 + 5*p**2/2 + 7*p. Give m(b).
-1
Let x(a) = 4*a + 3. Suppose 13*f = 8*f + 20. Suppose -4*d = -3*q + 5 + f, 0 = -3*d - q - 10. Give x(d).
-9
Let y(h) be the second derivative of h**3/6 + h**2/2 + 31*h. Give y(-7).
-6
Let a(v) = -v**3 - 2*v**2 + 1. Let w be a(-2). Let z be (w - 40)*1/(-3). Let r = z + -14. Let c(k) = 10*k**3 + 2*k**2 - 1. Determine c(r).
-9
Suppose -l + 24 = 3*l. Let n(m) = -2*m - 13 - 8 + 18 + m + 4*m. What is n(l)?
15
Let n(k) be the first derivative of k**3/3 - 7*k**2/2 - 4*k - 6. Suppose 0 = 5*f + 3*j - 44, -2*f - 3*f = 5*j - 50. Calculate n(f).
-4
Let s be -6 - (4 + -2 + -3). Let k(f) = 4*f + 10. What is k(s)?
-10
Let j(q) = q - 34 + 3 + 32. Determine j(-7).
-6
Let g(d) be the second derivative of -d**5/20 + d**4/3 + d**3/3 - 3*d**2/2 + 833*d. Calculate g(4).
5
Let h(r) = r**2 - 4*r. Let j be h(6). Suppose j*f - 15*f = -6. Let u(b) = 2*b - 1 + 2*b - 8*b**2 + b**3 + 3*b + 0*b**f. Calculate u(7).
-1
Let w(f) = f**2 - 5*f - 3. Suppose 2*z - 26*z - 72 = 0. Determine w(z).
21
Let s(t) = t + 105*